by 165757.
1
Calculate the remainder when 27158 is divided by 13272.
614
What is the remainder when 923584 is divided by 1279?
146
What is the remainder when 11318132 is divided by 2829508?
100
What is the remainder when 4188399 is divided by 2264?
2263
Calculate the remainder when 12176737 is divided by 206385.
22
Calculate the remainder when 1250928 is divided by 4468.
4356
Calculate the remainder when 49348836 is divided by 2629.
2506
Calculate the remainder when 436955 is divided by 469.
316
What is the remainder when 38625 is divided by 2565?
150
What is the remainder when 446085 is divided by 1722?
87
What is the remainder when 137112 is divided by 1428?
24
Calculate the remainder when 1664063 is divided by 874.
841
What is the remainder when 18481361 is divided by 63?
59
What is the remainder when 9977290 is divided by 803?
15
What is the remainder when 16765715 is divided by 12?
11
Calculate the remainder when 780716 is divided by 166.
18
What is the remainder when 501529 is divided by 16861?
12560
Calculate the remainder when 4072990 is divided by 75.
40
Calculate the remainder when 1932396 is divided by 1663.
1653
What is the remainder when 89734 is divided by 1111?
854
Calculate the remainder when 3069164 is divided by 1534559.
46
What is the remainder when 367195 is divided by 3497?
10
Calculate the remainder when 583206 is divided by 77.
8
Calculate the remainder when 749208 is divided by 249719.
51
What is the remainder when 51434276 is divided by 209?
3
What is the remainder when 3181695 is divided by 536?
535
What is the remainder when 7066194 is divided by 32119?
14
What is the remainder when 1896900 is divided by 794?
34
Calculate the remainder when 259704 is divided by 83.
80
What is the remainder when 25849443 is divided by 18?
3
Calculate the remainder when 850381 is divided by 538.
341
What is the remainder when 11017 is divided by 5323?
371
Calculate the remainder when 3900044 is divided by 744.
740
Calculate the remainder when 1984843 is divided by 11744.
107
Calculate the remainder when 142789 is divided by 386.
355
Calculate the remainder when 96619 is divided by 3992.
811
What is the remainder when 34304638 is divided by 51?
49
Calculate the remainder when 40812268 is divided by 20406108.
52
What is the remainder when 4274 is divided by 519?
122
What is the remainder when 208588 is divided by 13905?
13
Calculate the remainder when 3017276 is divided by 164.
4
Calculate the remainder when 297141 is divided by 4305.
96
Calculate the remainder when 27323571 is divided by 14.
9
Calculate the remainder when 18519341 is divided by 214.
209
What is the remainder when 110240 is divided by 110127?
113
What is the remainder when 21559306 is divided by 2155926?
46
What is the remainder when 86189 is divided by 61?
57
Calculate the remainder when 3482421 is divided by 1448.
1429
Calculate the remainder when 830302 is divided by 3389.
3386
Calculate the remainder when 6245140 is divided by 89.
10
Calculate the remainder when 3412520 is divided by 1322.
438
What is the remainder when 3969615 is divided by 321?
129
What is the remainder when 50591345 is divided by 10?
5
Calculate the remainder when 7514281 is divided by 868.
5
What is the remainder when 28770390 is divided by 160?
150
What is the remainder when 133706 is divided by 14552?
2738
What is the remainder when 38199 is divided by 1009?
866
Calculate the remainder when 11616 is divided by 5397.
822
What is the remainder when 1242306 is divided by 310570?
26
Calculate the remainder when 10673302 is divided by 10673245.
57
What is the remainder when 6127468 is divided by 2075?
2068
What is the remainder when 315364 is divided by 1935?
1894
What is the remainder when 40438 is divided by 7268?
4098
Calculate the remainder when 177353 is divided by 2561.
644
Calculate the remainder when 5880616 is divided by 396.
16
Calculate the remainder when 2185902 is divided by 107.
106
What is the remainder when 6923924 is divided by 44?
40
What is the remainder when 2602715 is divided by 178?
177
What is the remainder when 24118 is divided by 192?
118
What is the remainder when 127992 is divided by 41610?
3162
Calculate the remainder when 2358248 is divided by 255.
8
What is the remainder when 155509 is divided by 25758?
961
Calculate the remainder when 366397 is divided by 91105.
1977
Calculate the remainder when 31184964 is divided by 129.
117
What is the remainder when 39311632 is divided by 1311?
1297
Calculate the remainder when 11606 is divided by 1285.
41
What is the remainder when 312040 is divided by 989?
505
What is the remainder when 260277 is divided by 260097?
180
What is the remainder when 762159 is divided by 73?
39
What is the remainder when 55732021 is divided by 69665?
21
Calculate the remainder when 81797 is divided by 13543.
539
Calculate the remainder when 1048803 is divided by 29133.
15
What is the remainder when 332828 is divided by 1164?
1088
What is the remainder when 9560174 is divided by 63?
50
Calculate the remainder when 81144 is divided by 2889.
252
What is the remainder when 76982 is divided by 182?
178
Calculate the remainder when 1160417 is divided by 170.
167
Calculate the remainder when 4047795 is divided by 879.
0
What is the remainder when 44304474 is divided by 565?
564
Calculate the remainder when 583723 is divided by 4824.
19
Calculate the remainder when 7612099 is divided by 20.
19
What is the remainder when 39116968 is divided by 95?
53
Calculate the remainder when 90174 is divided by 3105.
129
What is the remainder when 9172 is divided by 1733?
507
What is the remainder when 1431863 is divided by 165?
158
Calculate the remainder when 2215664 is divided by 10304.
304
What is the remainder when 6411220 is divided by 699?
691
What is the remainder when 66464291 is divided by 5751?
5735
Calculate the remainder when 219294 is divided by 177.
168
What is the remainder when 1751228 is divided by 423?
8
What is the remainder when 24372472 is divided by 42?
40
Calculate the remainder when 1425633 is divided by 1127.
1105
Calculate the remainder when 350337 is divided by 4083.
3282
What is the remainder when 4792231 is divided by 22?
15
Calculate the remainder when 1254447 is divided by 86.
51
Calculate the remainder when 22550401 is divided by 34800.
1
Calculate the remainder when 11622828 is divided by 27156.
60
Calculate the remainder when 1215441 is divided by 3985.
16
Calculate the remainder when 90327 is divided by 503.
290
Calculate the remainder when 822801 is divided by 45709.
39
What is the remainder when 1201116 is divided by 193?
77
Calculate the remainder when 2117517 is divided by 1183.
1130
What is the remainder when 2032845884 is divided by 885?
884
Calculate the remainder when 46568 is divided by 561.
5
What is the remainder when 34661456 is divided by 469?
11
Calculate the remainder when 81288 is divided by 503.
305
What is the remainder when 17936038 is divided by 1644?
1642
What is the remainder when 33426566 is divided by 268?
266
What is the remainder when 293714 is divided by 12229?
218
Calculate the remainder when 61273086 is divided by 212.
210
Calculate the remainder when 106869102 is divided by 1397.
1396
Calculate the remainder when 826833 is divided by 1756.
1513
What is the remainder when 3160629 is divided by 1298?
1297
Calculate the remainder when 380770 is divided by 898.
18
Calculate the remainder when 314464 is divided by 34871.
625
What is the remainder when 2993168 is divided by 210?
38
Calculate the remainder when 11144193 is divided by 51.
30
Calculate the remainder when 8004980 is divided by 4313.
52
Calculate the remainder when 42001810 is divided by 114.
106
Calculate the remainder when 11967008 is divided by 24127.
16
Calculate the remainder when 1426387750 is divided by 24.
22
Calculate the remainder when 1528301 is divided by 25046.
495
Calculate the remainder when 69816938 is divided by 94.
36
Calculate the remainder when 7841505 is divided by 871278.
3
What is the remainder when 13001866 is divided by 1405?
1401
What is the remainder when 877602 is divided by 130?
102
What is the remainder when 1558730 is divided by 70849?
52
Calculate the remainder when 42686330 is divided by 791.
15
Calculate the remai